{"id":628,"date":"2012-05-28T13:10:25","date_gmt":"2012-05-28T11:10:25","guid":{"rendered":"http:\/\/ekoplan.hr\/?page_id=628"},"modified":"2020-06-03T12:32:26","modified_gmt":"2020-06-03T10:32:26","slug":"zaptivac-za-hladnjak","status":"publish","type":"page","link":"https:\/\/www.ekoplan.hr\/?page_id=628","title":{"rendered":"ZAPTIVA\u010c ZA HLADNJAK"},"content":{"rendered":"<div>\n<h4>Zaptiva\u010d za hladnjak<br \/>\n<small> \u00bb Posebni proizvodi za motorna vozila<\/small><\/h4>\n<div>\n<div><img decoding=\"async\" title=\"\" src=\"http:\/\/www.modricaoil.com\/docs\/shop\/67c6a1e7ce56d3d6fa748ab6d9af3fd7-srednja.jpg\" alt=\"\"><\/div>\n<\/div>\n<p>Zaptiva\u010d za hladnjak je sinteti\u010dko sredstvo namijenjeno za spre\u010davanje nastajanja pukotina i zatvaranje otvora i pukotina u hladnjacima.<\/p>\n<p>Pakiranje (kom x lit.): 48 x 0,25<\/p>\n<\/div>\n","protected":false},"excerpt":{"rendered":"<p>Zaptiva\u010d za hladnjak \u00bb Posebni proizvodi za motorna vozila Zaptiva\u010d za hladnjak je sinteti\u010dko sredstvo namijenjeno za spre\u010davanje nastajanja pukotina i zatvaranje otvora i pukotina u hladnjacima. Pakiranje (kom x lit.): 48 x 0,25<\/p>\n","protected":false},"author":1,"featured_media":0,"parent":620,"menu_order":0,"comment_status":"closed","ping_status":"open","template":"","meta":[],"_links":{"self":[{"href":"https:\/\/www.ekoplan.hr\/index.php?rest_route=\/wp\/v2\/pages\/628"}],"collection":[{"href":"https:\/\/www.ekoplan.hr\/index.php?rest_route=\/wp\/v2\/pages"}],"about":[{"href":"https:\/\/www.ekoplan.hr\/index.php?rest_route=\/wp\/v2\/types\/page"}],"author":[{"embeddable":true,"href":"https:\/\/www.ekoplan.hr\/index.php?rest_route=\/wp\/v2\/users\/1"}],"replies":[{"embeddable":true,"href":"https:\/\/www.ekoplan.hr\/index.php?rest_route=%2Fwp%2Fv2%2Fcomments&post=628"}],"version-history":[{"count":2,"href":"https:\/\/www.ekoplan.hr\/index.php?rest_route=\/wp\/v2\/pages\/628\/revisions"}],"predecessor-version":[{"id":4580,"href":"https:\/\/www.ekoplan.hr\/index.php?rest_route=\/wp\/v2\/pages\/628\/revisions\/4580"}],"up":[{"embeddable":true,"href":"https:\/\/www.ekoplan.hr\/index.php?rest_route=\/wp\/v2\/pages\/620"}],"wp:attachment":[{"href":"https:\/\/www.ekoplan.hr\/index.php?rest_route=%2Fwp%2Fv2%2Fmedia&parent=628"}],"curies":[{"name":"wp","href":"https:\/\/api.w.org\/{rel}","templated":true}]}}